ghest common factor of x and 48.
16
Let r(g) = 4*g - 26. Let h be r(10). What is the highest common factor of 119 and h?
7
Let p(g) = 19*g + 8. Let i be -4 + (6*4)/3. Let r be p(i). What is the greatest common factor of r and 21?
21
Let l = 13 - 8. Suppose -l*h - 2 = -122. Suppose -x - f = -h, -3*x - f = -2*f - 92. What is the highest common factor of 319 and x?
29
Suppose -w = -g + 21, 5*w - 65 = -5*g + 2*w. What is the greatest common factor of 520 and g?
8
Let s be (-9696)/(-66) - ((-63)/(-33) - 2). What is the greatest common factor of s and 6?
3
Suppose -71*k - 40*k = -2997. Let r(p) = 7*p**2 - 5*p - 6. Let t be r(6). What is the greatest common factor of t and k?
27
Suppose 75 - 12 = 3*y. Let j = y + 29. Let o be (120/j)/(2/165). Calculate the greatest common factor of 22 and o.
22
Suppose -4*t = -4*h - 528, -4*t + 523 = 3*h + 9. What is the greatest common divisor of 286 and t?
26
Suppose 0 = 4*o - 294 + 78. Suppose w + 5 = -4. Let g be (-24)/w*(-81)/(-6). What is the highest common factor of g and o?
18
Suppose 5*f - 2*j = 373 + 429, 1 = -j. Let i be (436/(-872))/((-1)/(1 - -63)). Calculate the highest common factor of f and i.
32
Let u = -30 - -35. Let q be 0 + 1 - (-2)/(-2). Suppose y - 11 = -0*l + l, -y + 3*l + u = q. Calculate the greatest common divisor of y and 35.
7
Let i(o) = 11*o**2 - 3*o + 1. Let f(g) = -g - 6. Let u be f(-8). Suppose -u*n = 4 - 6. Let k be i(n). What is the highest common divisor of k and 27?
9
Let c be 216*((-42)/(-9) + -4). What is the highest common factor of c and 32?
16
Let c(n) = -3*n**3 - 8*n**2 + 4. Let l be c(-4). Suppose 4*m - 3*i - 55 = l, -5*m - 2*i + 148 = 0. What is the greatest common factor of 30 and m?
30
Let s = 509 - 498. Let y be -4*-1*(1 - -10). What is the greatest common divisor of s and y?
11
Let p(c) = 3*c**2 - 4*c + 6. Let x be p(0). Calculate the greatest common divisor of x and 4.
2
Suppose 0 = -4*x + 1 + 51. Let t be 1*x + (-14 - -16). What is the greatest common divisor of 75 and t?
15
Let x be (22/6)/((-2)/6). Let h = x + 29. Suppose n + n - s = 321, 4*s = -3*n + 498. Calculate the highest common factor of n and h.
18
Let y(c) = -c**2 - 10*c - 11. Let h be y(-7). Let j be (-498)/(-5) + 8/20. Calculate the highest common divisor of j and h.
10
Let t(p) = 33*p + 806. Let f be t(-24). Suppose g + 2 = 2*g. What is the greatest common factor of g and f?
2
Let n be 11/33 - (-47)/3. Let j be (8/14)/(n/56). Suppose -5*u - 45 = -5*a, 0*a = -j*a - 4*u - 6. What is the greatest common factor of a and 35?
5
Let d be (-6222)/(-48) - (-3)/8. What is the greatest common divisor of d and 90?
10
Let q be (-6*1)/((-3)/(-3)). Let j = 562 + -566. Let l = j - q. Calculate the greatest common divisor of 6 and l.
2
Suppose 5*u + 3*m = -105, -3*u - 5*m = 13 + 34. Let y = u - -51. Calculate the highest common factor of 18 and y.
9
Suppose -5*d - 5*l + 70 + 10 = 0, -2*l = 0. What is the greatest common divisor of 10 and d?
2
Suppose m = -3*x + 2, -2 = 5*x + 2*m - 5. Let t be (27/(-36))/(x/4) - -21. What is the greatest common factor of 24 and t?
6
Let k be ((-7)/(-9))/((-1)/(-3))*3. Calculate the greatest common divisor of k and 119.
7
Let f be (-3)/1*1 + 2. Let r be 1*(f - -4) - -200. Calculate the greatest common divisor of r and 29.
29
Suppose 9*x - 565 + 106 = 0. What is the greatest common divisor of x and 289?
17
Let h(l) = 8*l - 1. Let k be h(-3). Let f = -7 - k. Calculate the greatest common factor of 6 and f.
6
Suppose -123 = -5*l - 58. Suppose -l*u + 8*u + 1085 = 0. What is the highest common factor of 31 and u?
31
Let q be (-689)/(-39)*132/4. What is the greatest common factor of 53 and q?
53
Let i(p) = -p**3 + 54*p**2 - 53*p + 3. Let z be i(53). What is the highest common divisor of z and 84?
3
Let o = -157 - -233. Let n be 1885/10 - (-6)/(-4) - -3. Calculate the highest common factor of n and o.
38
Let o = 112 - 215. Let x = -92 - o. Calculate the greatest common factor of 22 and x.
11
Let z(k) be the first derivative of k**3/3 + 9*k**2/2 - 3*k - 2. Let c be z(-9). Let v be (0 + c)*(-130)/30. Calculate the highest common factor of 104 and v.
13
Let h be 42/4 - (-11)/(-22). Let m(z) = 15*z - 70. Let w be m(h). What is the greatest common factor of w and 60?
20
Let g be 1/(-1) + (317 - -6). Let k = g + -205. Calculate the highest common factor of k and 18.
9
Let i = 4 - 1. Suppose c = i*q + 8, -q = 6*c - c - 8. Suppose 0*p - 2*p + 4*w = -22, 4*w + 19 = p. Calculate the highest common divisor of c and p.
1
Suppose 40 = o - 1. What is the highest common divisor of 82 and o?
41
Let z be (-8 - (-2 - 1))/(-1). Suppose z*l + l = 18. Suppose 2*k = 4*x - 214, -k - 2 = -l*k. Calculate the greatest common factor of 6 and x.
6
Let s = -187 + 207. What is the greatest common factor of s and 70?
10
Let c be 9/6*(1 + -3). Let o be (-2 + 8)/(c/(-44)). Suppose 2*m + 5*z - 36 = 0, 4*m - 3*z = -145 + 165. What is the highest common divisor of o and m?
8
Suppose 2*m + 9*f = 4*f + 3655, 0 = -4*m - 5*f + 7335. Calculate the greatest common divisor of m and 92.
92
Let m(h) = h + 6. Let x(i) = -i - 3. Let c be x(3). Let o be m(c). Suppose 3*q - 2*q - 4 = o. What is the highest common divisor of q and 20?
4
Suppose 0 = -10*i - 689 + 4239. What is the greatest common factor of 5 and i?
5
Suppose -w + 1394 = 2*l, 5*l + 6970 = 5*w + 10*l. Calculate the greatest common factor of w and 68.
34
Suppose -2*u + 3*a + 168 = 3*u, u = -5*a + 56. Let v = u - -45. What is the highest common factor of v and 27?
27
Let b be -70 - ((0 - -4) + -1). Let n = b - -205. What is the highest common divisor of n and 12?
12
Let x = 45 + -32. Let f = 151 + -8. Calculate the highest common factor of x and f.
13
Suppose 144 = -0*y + 6*y. Let t = -20 - -60. Calculate the highest common divisor of y and t.
8
Suppose -3*q - 5*z = 2, -2*z - 26 = -4*q + 6. Suppose -18*p = -q*p - 204. Calculate the highest common divisor of 136 and p.
17
Let g = 57 - 57. Suppose -6*u + 2*u + 28 = g. Suppose -3*h - 32 = -n, 2*h + 2 - 4 = 0. Calculate the highest common factor of u and n.
7
Suppose 39 = l + 3*i, -28 = -4*l + 2*l + 4*i. Suppose 0 = 3*w + 3*x - 36, 4*x - 12 = 4*w - 60. Calculate the greatest common factor of l and w.
12
Let s = -140 + 180. What is the greatest common factor of s and 50?
10
Let s = 29 + -17. Let b(f) = 10*f - 30. Let a be b(s). Let m = 19 - 9. Calculate the greatest common divisor of m and a.
10
Let y = 495 - 476. What is the greatest common divisor of 38 and y?
19
Let n = -30 - -41. Let w(q) = -q**3 + 11*q**2 + 6*q + 6. Let s be w(n). Let a be (18/(-4))/(3/(-6)). Calculate the highest common divisor of s and a.
9
Let v be 12/(-8)*(-30)/9. What is the greatest common divisor of 95 and v?
5
Let q = 176 - 84. Let m = q + -84. What is the highest common factor of 6 and m?
2
Let y = 365 + -122. Calculate the highest common divisor of y and 45.
9
Suppose -35*h = -9*h - 3172. What is the greatest common divisor of h and 61?
61
Suppose -i + 275 = 3*f, f + 355 = 5*f - i. What is the highest common divisor of f and 36?
18
Suppose -5*s + h + 4*h + 30 = 0, 28 = 5*s - 4*h. Let t be 27/s + 1/4. Calculate the highest common divisor of 21 and t.
7
Suppose -15384 = -14*y + 1836. Calculate the highest common divisor of 5 and y.
5
Suppose 0 = -64*c + 59622 + 44314. What is the highest common factor of c and 112?
56
Let r be (3/6)/(1/100). Let u(z) = z**3 + 5*z**2 + 3*z + 74. Let t be u(-6). What is the greatest common divisor of r and t?
10
Let i be (-2)/(3*4/(-24)). Suppose -4*t + o = -3*o, 4*t = -i*o + 40. Let d = 62 + -27. What is the greatest common divisor of t and d?
5
Suppose 0 = j - 5*q + 24 + 49, -q = -3*j - 191. Let n = j - -183. Calculate the greatest common factor of 30 and n.
30
Suppose -25*p - 187 = -512. Calculate the highest common divisor of 91 and p.
13
Let a = -774 + 810. Suppose 8 = -p - 5*v, 0 = 2*p + 2*v + 37 + 11. Let n = -4 - p. Calculate the highest common factor of a and n.
12
Let b = -134 + 149. Calculate the highest common divisor of 555 and b.
15
Let r = 672 - 438. Calculate the highest common divisor of 72 and r.
18
Suppose 0 = -3*z + 5*t + 137, -4*z + 95 = 5*t - 146. What is the greatest common divisor of 1242 and z?
54
Let a(q) = -32*q**3 - 4*q**2 - 4*q - 2. Let k be a(-1). What is the highest common factor of 105 and k